{"id":36,"date":"2024-05-06T20:18:03","date_gmt":"2024-05-06T18:18:03","guid":{"rendered":"https:\/\/verdevana.sk\/?post_type=product&#038;p=36"},"modified":"2024-05-12T10:30:56","modified_gmt":"2024-05-12T08:30:56","slug":"muschio-bianco-gel-na-pranie-univerzalny","status":"publish","type":"product","link":"https:\/\/verdevana.sk\/?product=muschio-bianco-gel-na-pranie-univerzalny","title":{"rendered":"MUSCHIO BIANCO g\u00e9l na pranie univerz\u00e1lny"},"content":{"rendered":"<p>Tento tekut\u00fd g\u00e9l na pranie je va\u0161\u00edm spo\u013eahliv\u00fdm partnerom pri \u010disten\u00ed bielizne. Jeho univerz\u00e1lna pou\u017eite\u013enos\u0165 a \u0161etrn\u00fd pr\u00edstup k tkanin\u00e1m v\u00e1m zaru\u010duj\u00fa bezchybn\u00e9 v\u00fdsledky pri ka\u017edom pou\u017eit\u00ed. Pre e\u0161te intenz\u00edvnej\u0161iu a dlhotrvaj\u00facu v\u00f4\u0148u odpor\u00fa\u010dame kombinova\u0165 s aviv\u00e1\u017eou s rovnakou v\u00f4\u0148ou. U\u017eite si svie\u017eu a \u010dist\u00fa bielize\u0148.<\/p>\n<p>Vysok\u00e1 koncentr\u00e1cia \u00fa\u010dinn\u00fdch l\u00e1tok<\/p>\n<p>Vhodn\u00fd na v\u0161etky typy vl\u00e1kien.<\/p>\n","protected":false},"excerpt":{"rendered":"<p>V\u00f4\u0148a: JEMN\u00c1 \u2013 KVETOV\u00c1 &#8211; KR\u00c9MOV\u00c1<\/p>\n<p>\u00da\u010dinn\u00e9 \u010distenie: Odstr\u00e1ni ne\u010distoty aj zo silne zne\u010distenej bielizne.<\/p>\n<p>Univerz\u00e1lna pou\u017eite\u013enos\u0165: Pou\u017eite\u013en\u00fd pri ak\u00fdchko\u013evek teplot\u00e1ch pracieho cyklu &#8211; vysok\u00fdch aj n\u00edzkych.<\/p>\n<p>H\u013abkov\u00e9 \u010distenie: Zaru\u010duje d\u00f4kladn\u00e9 \u010distenie, bez zmeny vlastnost\u00ed tkan\u00edn.<\/p>\n<p>\u0160etrn\u00fd a bez \u017emolkov: Neobsahuje agres\u00edvne pr\u00edsady a nezanech\u00e1va \u017emolky.<\/p>\n<p>Bez zvy\u0161kov: Po oprat\u00ed nezanech\u00e1va na text\u00edli\u00e1ch \u017eiadne zvy\u0161ky.<\/p>\n","protected":false},"featured_media":280,"comment_status":"open","ping_status":"closed","template":"","meta":{"_monsterinsights_skip_tracking":false,"_monsterinsights_sitenote_active":false,"_monsterinsights_sitenote_note":"","_monsterinsights_sitenote_category":0},"product_cat":[21],"product_tag":[22,23,24],"yoast_head":"<!-- This site is optimized with the Yoast SEO plugin v22.6 - https:\/\/yoast.com\/wordpress\/plugins\/seo\/ -->\n<title>MUSCHIO BIANCO g\u00e9l na pranie univerz\u00e1lny - \u010capovan\u00e1 Eko Drog\u00e9ria Ko\u0161ice | VERDE VANA<\/title>\n<meta name=\"robots\" content=\"index, follow, max-snippet:-1, max-image-preview:large, max-video-preview:-1\" \/>\n<link rel=\"canonical\" href=\"https:\/\/verdevana.sk\/?product=muschio-bianco-gel-na-pranie-univerzalny\" \/>\n<meta property=\"og:locale\" content=\"sk_SK\" \/>\n<meta property=\"og:type\" content=\"article\" \/>\n<meta property=\"og:title\" content=\"MUSCHIO BIANCO g\u00e9l na pranie univerz\u00e1lny - \u010capovan\u00e1 Eko Drog\u00e9ria Ko\u0161ice | VERDE VANA\" \/>\n<meta property=\"og:description\" content=\"V\u00f4\u0148a: JEMN\u00c1 \u2013 KVETOV\u00c1 - KR\u00c9MOV\u00c1 \u00da\u010dinn\u00e9 \u010distenie: Odstr\u00e1ni ne\u010distoty aj zo silne zne\u010distenej bielizne. Univerz\u00e1lna pou\u017eite\u013enos\u0165: Pou\u017eite\u013en\u00fd pri ak\u00fdchko\u013evek teplot\u00e1ch pracieho cyklu - vysok\u00fdch aj n\u00edzkych. H\u013abkov\u00e9 \u010distenie: Zaru\u010duje d\u00f4kladn\u00e9 \u010distenie, bez zmeny vlastnost\u00ed tkan\u00edn. \u0160etrn\u00fd a bez \u017emolkov: Neobsahuje agres\u00edvne pr\u00edsady a nezanech\u00e1va \u017emolky. Bez zvy\u0161kov: Po oprat\u00ed nezanech\u00e1va na text\u00edli\u00e1ch \u017eiadne zvy\u0161ky.\" \/>\n<meta property=\"og:url\" content=\"https:\/\/verdevana.sk\/?product=muschio-bianco-gel-na-pranie-univerzalny\" \/>\n<meta property=\"og:site_name\" content=\"\u010capovan\u00e1 Eko Drog\u00e9ria Ko\u0161ice | VERDE VANA\" \/>\n<meta property=\"article:modified_time\" content=\"2024-05-12T08:30:56+00:00\" \/>\n<meta property=\"og:image\" content=\"https:\/\/verdevana.sk\/wp-content\/uploads\/2024\/05\/1161a.jpg\" \/>\n\t<meta property=\"og:image:width\" content=\"1134\" \/>\n\t<meta property=\"og:image:height\" content=\"2016\" \/>\n\t<meta property=\"og:image:type\" content=\"image\/jpeg\" \/>\n<meta name=\"twitter:card\" content=\"summary_large_image\" \/>\n<script type=\"application\/ld+json\" class=\"yoast-schema-graph\">{\"@context\":\"https:\/\/schema.org\",\"@graph\":[{\"@type\":\"WebPage\",\"@id\":\"https:\/\/verdevana.sk\/?product=muschio-bianco-gel-na-pranie-univerzalny\",\"url\":\"https:\/\/verdevana.sk\/?product=muschio-bianco-gel-na-pranie-univerzalny\",\"name\":\"MUSCHIO BIANCO g\u00e9l na pranie univerz\u00e1lny - \u010capovan\u00e1 Eko Drog\u00e9ria Ko\u0161ice | VERDE VANA\",\"isPartOf\":{\"@id\":\"https:\/\/verdevana.sk\/#website\"},\"primaryImageOfPage\":{\"@id\":\"https:\/\/verdevana.sk\/?product=muschio-bianco-gel-na-pranie-univerzalny#primaryimage\"},\"image\":{\"@id\":\"https:\/\/verdevana.sk\/?product=muschio-bianco-gel-na-pranie-univerzalny#primaryimage\"},\"thumbnailUrl\":\"https:\/\/verdevana.sk\/wp-content\/uploads\/2024\/05\/1161a.jpg\",\"datePublished\":\"2024-05-06T18:18:03+00:00\",\"dateModified\":\"2024-05-12T08:30:56+00:00\",\"breadcrumb\":{\"@id\":\"https:\/\/verdevana.sk\/?product=muschio-bianco-gel-na-pranie-univerzalny#breadcrumb\"},\"inLanguage\":\"sk-SK\",\"potentialAction\":[{\"@type\":\"ReadAction\",\"target\":[\"https:\/\/verdevana.sk\/?product=muschio-bianco-gel-na-pranie-univerzalny\"]}]},{\"@type\":\"ImageObject\",\"inLanguage\":\"sk-SK\",\"@id\":\"https:\/\/verdevana.sk\/?product=muschio-bianco-gel-na-pranie-univerzalny#primaryimage\",\"url\":\"https:\/\/verdevana.sk\/wp-content\/uploads\/2024\/05\/1161a.jpg\",\"contentUrl\":\"https:\/\/verdevana.sk\/wp-content\/uploads\/2024\/05\/1161a.jpg\",\"width\":1134,\"height\":2016},{\"@type\":\"BreadcrumbList\",\"@id\":\"https:\/\/verdevana.sk\/?product=muschio-bianco-gel-na-pranie-univerzalny#breadcrumb\",\"itemListElement\":[{\"@type\":\"ListItem\",\"position\":1,\"name\":\"Home\",\"item\":\"https:\/\/verdevana.sk\/\"},{\"@type\":\"ListItem\",\"position\":2,\"name\":\"Produkty\",\"item\":\"http:\/\/verdevana.sk\/?page_id=12\"},{\"@type\":\"ListItem\",\"position\":3,\"name\":\"MUSCHIO BIANCO g\u00e9l na pranie univerz\u00e1lny\"}]},{\"@type\":\"WebSite\",\"@id\":\"https:\/\/verdevana.sk\/#website\",\"url\":\"https:\/\/verdevana.sk\/\",\"name\":\"\u010capovan\u00e1 Eko Drog\u00e9ria Ko\u0161ice | VERDE VANA\",\"description\":\"\u010capujeme kvalitn\u00fa, vysoko \u00fa\u010dinn\u00fa, ekologick\u00fa drog\u00e9riu a kozmetiku.\",\"publisher\":{\"@id\":\"https:\/\/verdevana.sk\/#organization\"},\"potentialAction\":[{\"@type\":\"SearchAction\",\"target\":{\"@type\":\"EntryPoint\",\"urlTemplate\":\"https:\/\/verdevana.sk\/?s={search_term_string}\"},\"query-input\":\"required name=search_term_string\"}],\"inLanguage\":\"sk-SK\"},{\"@type\":\"Organization\",\"@id\":\"https:\/\/verdevana.sk\/#organization\",\"name\":\"\u010capovan\u00e1 Eko Drog\u00e9ria Ko\u0161ice | VERDE VANA\",\"url\":\"https:\/\/verdevana.sk\/\",\"logo\":{\"@type\":\"ImageObject\",\"inLanguage\":\"sk-SK\",\"@id\":\"https:\/\/verdevana.sk\/#\/schema\/logo\/image\/\",\"url\":\"https:\/\/verdevana.sk\/wp-content\/uploads\/2024\/11\/VerdeVana_capovana_drogeria_koscie_logo.png\",\"contentUrl\":\"https:\/\/verdevana.sk\/wp-content\/uploads\/2024\/11\/VerdeVana_capovana_drogeria_koscie_logo.png\",\"width\":411,\"height\":135,\"caption\":\"\u010capovan\u00e1 Eko Drog\u00e9ria Ko\u0161ice | VERDE VANA\"},\"image\":{\"@id\":\"https:\/\/verdevana.sk\/#\/schema\/logo\/image\/\"}}]}<\/script>\n<!-- \/ Yoast SEO plugin. -->","yoast_head_json":{"title":"MUSCHIO BIANCO g\u00e9l na pranie univerz\u00e1lny - \u010capovan\u00e1 Eko Drog\u00e9ria Ko\u0161ice | VERDE VANA","robots":{"index":"index","follow":"follow","max-snippet":"max-snippet:-1","max-image-preview":"max-image-preview:large","max-video-preview":"max-video-preview:-1"},"canonical":"https:\/\/verdevana.sk\/?product=muschio-bianco-gel-na-pranie-univerzalny","og_locale":"sk_SK","og_type":"article","og_title":"MUSCHIO BIANCO g\u00e9l na pranie univerz\u00e1lny - \u010capovan\u00e1 Eko Drog\u00e9ria Ko\u0161ice | VERDE VANA","og_description":"V\u00f4\u0148a: JEMN\u00c1 \u2013 KVETOV\u00c1 - KR\u00c9MOV\u00c1 \u00da\u010dinn\u00e9 \u010distenie: Odstr\u00e1ni ne\u010distoty aj zo silne zne\u010distenej bielizne. Univerz\u00e1lna pou\u017eite\u013enos\u0165: Pou\u017eite\u013en\u00fd pri ak\u00fdchko\u013evek teplot\u00e1ch pracieho cyklu - vysok\u00fdch aj n\u00edzkych. H\u013abkov\u00e9 \u010distenie: Zaru\u010duje d\u00f4kladn\u00e9 \u010distenie, bez zmeny vlastnost\u00ed tkan\u00edn. \u0160etrn\u00fd a bez \u017emolkov: Neobsahuje agres\u00edvne pr\u00edsady a nezanech\u00e1va \u017emolky. Bez zvy\u0161kov: Po oprat\u00ed nezanech\u00e1va na text\u00edli\u00e1ch \u017eiadne zvy\u0161ky.","og_url":"https:\/\/verdevana.sk\/?product=muschio-bianco-gel-na-pranie-univerzalny","og_site_name":"\u010capovan\u00e1 Eko Drog\u00e9ria Ko\u0161ice | VERDE VANA","article_modified_time":"2024-05-12T08:30:56+00:00","og_image":[{"width":1134,"height":2016,"url":"https:\/\/verdevana.sk\/wp-content\/uploads\/2024\/05\/1161a.jpg","type":"image\/jpeg"}],"twitter_card":"summary_large_image","schema":{"@context":"https:\/\/schema.org","@graph":[{"@type":"WebPage","@id":"https:\/\/verdevana.sk\/?product=muschio-bianco-gel-na-pranie-univerzalny","url":"https:\/\/verdevana.sk\/?product=muschio-bianco-gel-na-pranie-univerzalny","name":"MUSCHIO BIANCO g\u00e9l na pranie univerz\u00e1lny - \u010capovan\u00e1 Eko Drog\u00e9ria Ko\u0161ice | VERDE VANA","isPartOf":{"@id":"https:\/\/verdevana.sk\/#website"},"primaryImageOfPage":{"@id":"https:\/\/verdevana.sk\/?product=muschio-bianco-gel-na-pranie-univerzalny#primaryimage"},"image":{"@id":"https:\/\/verdevana.sk\/?product=muschio-bianco-gel-na-pranie-univerzalny#primaryimage"},"thumbnailUrl":"https:\/\/verdevana.sk\/wp-content\/uploads\/2024\/05\/1161a.jpg","datePublished":"2024-05-06T18:18:03+00:00","dateModified":"2024-05-12T08:30:56+00:00","breadcrumb":{"@id":"https:\/\/verdevana.sk\/?product=muschio-bianco-gel-na-pranie-univerzalny#breadcrumb"},"inLanguage":"sk-SK","potentialAction":[{"@type":"ReadAction","target":["https:\/\/verdevana.sk\/?product=muschio-bianco-gel-na-pranie-univerzalny"]}]},{"@type":"ImageObject","inLanguage":"sk-SK","@id":"https:\/\/verdevana.sk\/?product=muschio-bianco-gel-na-pranie-univerzalny#primaryimage","url":"https:\/\/verdevana.sk\/wp-content\/uploads\/2024\/05\/1161a.jpg","contentUrl":"https:\/\/verdevana.sk\/wp-content\/uploads\/2024\/05\/1161a.jpg","width":1134,"height":2016},{"@type":"BreadcrumbList","@id":"https:\/\/verdevana.sk\/?product=muschio-bianco-gel-na-pranie-univerzalny#breadcrumb","itemListElement":[{"@type":"ListItem","position":1,"name":"Home","item":"https:\/\/verdevana.sk\/"},{"@type":"ListItem","position":2,"name":"Produkty","item":"http:\/\/verdevana.sk\/?page_id=12"},{"@type":"ListItem","position":3,"name":"MUSCHIO BIANCO g\u00e9l na pranie univerz\u00e1lny"}]},{"@type":"WebSite","@id":"https:\/\/verdevana.sk\/#website","url":"https:\/\/verdevana.sk\/","name":"\u010capovan\u00e1 Eko Drog\u00e9ria Ko\u0161ice | VERDE VANA","description":"\u010capujeme kvalitn\u00fa, vysoko \u00fa\u010dinn\u00fa, ekologick\u00fa drog\u00e9riu a kozmetiku.","publisher":{"@id":"https:\/\/verdevana.sk\/#organization"},"potentialAction":[{"@type":"SearchAction","target":{"@type":"EntryPoint","urlTemplate":"https:\/\/verdevana.sk\/?s={search_term_string}"},"query-input":"required name=search_term_string"}],"inLanguage":"sk-SK"},{"@type":"Organization","@id":"https:\/\/verdevana.sk\/#organization","name":"\u010capovan\u00e1 Eko Drog\u00e9ria Ko\u0161ice | VERDE VANA","url":"https:\/\/verdevana.sk\/","logo":{"@type":"ImageObject","inLanguage":"sk-SK","@id":"https:\/\/verdevana.sk\/#\/schema\/logo\/image\/","url":"https:\/\/verdevana.sk\/wp-content\/uploads\/2024\/11\/VerdeVana_capovana_drogeria_koscie_logo.png","contentUrl":"https:\/\/verdevana.sk\/wp-content\/uploads\/2024\/11\/VerdeVana_capovana_drogeria_koscie_logo.png","width":411,"height":135,"caption":"\u010capovan\u00e1 Eko Drog\u00e9ria Ko\u0161ice | VERDE VANA"},"image":{"@id":"https:\/\/verdevana.sk\/#\/schema\/logo\/image\/"}}]}},"_links":{"self":[{"href":"https:\/\/verdevana.sk\/index.php?rest_route=\/wp\/v2\/product\/36"}],"collection":[{"href":"https:\/\/verdevana.sk\/index.php?rest_route=\/wp\/v2\/product"}],"about":[{"href":"https:\/\/verdevana.sk\/index.php?rest_route=\/wp\/v2\/types\/product"}],"replies":[{"embeddable":true,"href":"https:\/\/verdevana.sk\/index.php?rest_route=%2Fwp%2Fv2%2Fcomments&post=36"}],"wp:featuredmedia":[{"embeddable":true,"href":"https:\/\/verdevana.sk\/index.php?rest_route=\/wp\/v2\/media\/280"}],"wp:attachment":[{"href":"https:\/\/verdevana.sk\/index.php?rest_route=%2Fwp%2Fv2%2Fmedia&parent=36"}],"wp:term":[{"taxonomy":"product_cat","embeddable":true,"href":"https:\/\/verdevana.sk\/index.php?rest_route=%2Fwp%2Fv2%2Fproduct_cat&post=36"},{"taxonomy":"product_tag","embeddable":true,"href":"https:\/\/verdevana.sk\/index.php?rest_route=%2Fwp%2Fv2%2Fproduct_tag&post=36"}],"curies":[{"name":"wp","href":"https:\/\/api.w.org\/{rel}","templated":true}]}}