{"id":335,"date":"2024-05-12T21:43:02","date_gmt":"2024-05-12T19:43:02","guid":{"rendered":"https:\/\/verdevana.sk\/?post_type=product&#038;p=335"},"modified":"2024-05-12T22:37:18","modified_gmt":"2024-05-12T20:37:18","slug":"autosampon","status":"publish","type":"product","link":"https:\/\/verdevana.sk\/?product=autosampon","title":{"rendered":"Auto\u0161amp\u00f3n"},"content":{"rendered":"<h2 style=\"font-weight: 600;\">SHAMPOO PER AUTO<\/h2>\n<p style=\"font-weight: 400;\"><strong style=\"font-weight: 700 !important;\">Vhodn\u00fd pre v\u0161etky typy karos\u00e9rii:<\/strong>\u00a0\u010ci u\u017e m\u00e1te auto s lakovanou karos\u00e9riou, metal\u00edzou alebo matn\u00fdm lakom, n\u00e1\u0161 auto\u0161amp\u00f3n je pre\u0148 ide\u00e1lny. Dokonale vy\u010dist\u00ed v\u0161etky typy povrchov a dod\u00e1 im lesk.<\/p>\n<p style=\"font-weight: 400;\"><strong style=\"font-weight: 700 !important;\">D\u00f4kladne \u010dist\u00ed, odmast\u00ed a odstra\u0148uje be\u017en\u00e9 ne\u010distoty, smog a oleje:<\/strong>\u00a0N\u00e1\u0161 auto\u0161amp\u00f3n si porad\u00ed aj s tou najodolnej\u0161ou \u0161pinou. Odstra\u0148uje prach, blato, vt\u00e1\u010d\u00ed trus, hmyz, smog a olejov\u00e9 \u0161kvrny. Va\u0161e auto bude po umyt\u00ed dokonale \u010dist\u00e9 a leskl\u00e9.<\/p>\n<p style=\"font-weight: 400;\"><strong style=\"font-weight: 700 !important;\">Zanech\u00e1va leskl\u00fd povrch:<\/strong>\u00a0N\u00e1\u0161 auto\u0161amp\u00f3n obsahuje \u0161peci\u00e1lne zlo\u017eky, ktor\u00e9 dod\u00e1vaj\u00fa karos\u00e9rii v\u00e1\u0161ho auta kr\u00e1sny lesk. Va\u0161e auto bude vyzera\u0165 ako nov\u00e9.<\/p>\n<p style=\"font-weight: 400;\"><strong style=\"font-weight: 700 !important;\">Vhodn\u00fd na dom\u00e1ce pou\u017eitie aj do profesion\u00e1lnej umyv\u00e1rky:<\/strong>\u00a0N\u00e1\u0161 auto\u0161amp\u00f3n je ide\u00e1lny pre t\u00fdch, ktor\u00ed chc\u00fa svoje auto umy\u0165 doma, ale aj pre profesion\u00e1lov v autoumyv\u00e1r\u0148ach. Je jednoduch\u00fd na pou\u017eitie a r\u00fdchlo a efekt\u00edvne \u010dist\u00ed.<\/p>\n<p style=\"font-weight: 400;\"><strong style=\"font-weight: 700 !important;\">Pou\u017eitie:<\/strong><\/p>\n<p style=\"font-weight: 400;\">Zrieden\u00fd 10ml produktu na 10 a\u017e 15l vody. +- pod\u013ea potreby a za\u0161pinenia.<\/p>\n","protected":false},"excerpt":{"rendered":"<h2 style=\"font-weight: 600;\">Univerz\u00e1lny auto\u0161amp\u00f3n pre dokonal\u00fa \u010distotu v\u00e1\u0161ho auta<\/h2>\n<p style=\"font-weight: 400;\">H\u013ead\u00e1te auto\u0161amp\u00f3n, ktor\u00fd je nielen efekt\u00edvny, ale aj univerz\u00e1lny? Potom je pre v\u00e1s ide\u00e1lny n\u00e1\u0161 univerz\u00e1lny auto\u0161amp\u00f3n. V\u010faka nemu dosiahnete dokonal\u00fa \u010distotu a lesk v\u00e1\u0161ho auta bez oh\u013eadu na typ karos\u00e9rie.<\/p>\n<p style=\"font-weight: 400;\"><strong style=\"font-weight: 700 !important;\">Vlastnosti:<\/strong><\/p>\n<ul>\n<li style=\"font-weight: 400;\">Vhodn\u00fd pre v\u0161etky typy karos\u00e9rii<\/li>\n<li style=\"font-weight: 400;\">D\u00f4kladne \u010dist\u00ed, odmast\u00ed a odstra\u0148uje be\u017en\u00e9 ne\u010distoty, smog a oleje<\/li>\n<li style=\"font-weight: 400;\">Zanech\u00e1va leskl\u00fd povrch<\/li>\n<li style=\"font-weight: 400;\">Vhodn\u00fd na dom\u00e1ce pou\u017eitie aj do profesion\u00e1lnej umyv\u00e1rky<\/li>\n<li style=\"font-weight: 400;\">\u0160etrn\u00fd k \u017eivotn\u00e9mu prostrediu<\/li>\n<\/ul>\n","protected":false},"featured_media":263,"comment_status":"open","ping_status":"closed","template":"","meta":{"_monsterinsights_skip_tracking":false,"_monsterinsights_sitenote_active":false,"_monsterinsights_sitenote_note":"","_monsterinsights_sitenote_category":0},"product_cat":[53],"product_tag":[],"yoast_head":"<!-- This site is optimized with the Yoast SEO plugin v22.6 - https:\/\/yoast.com\/wordpress\/plugins\/seo\/ -->\n<title>Auto\u0161amp\u00f3n - \u010capovan\u00e1 Eko Drog\u00e9ria Ko\u0161ice | VERDE VANA<\/title>\n<meta name=\"description\" content=\"Vhodn\u00fd pre v\u0161etky typy karos\u00e9rii. D\u00f4kladne \u010dist\u00ed, odmast\u00ed a odstra\u0148uje be\u017en\u00e9 ne\u010distoty, smog a oleje. Zanech\u00e1va leskl\u00fd povrch. Vhodn\u00fd aj na dom\u00e1ce pou\u017eitie.\" \/>\n<meta name=\"robots\" content=\"index, follow, max-snippet:-1, max-image-preview:large, max-video-preview:-1\" \/>\n<link rel=\"canonical\" href=\"https:\/\/verdevana.sk\/?product=autosampon\" \/>\n<meta property=\"og:locale\" content=\"sk_SK\" \/>\n<meta property=\"og:type\" content=\"article\" \/>\n<meta property=\"og:title\" content=\"Auto\u0161amp\u00f3n - \u010capovan\u00e1 Eko Drog\u00e9ria Ko\u0161ice | VERDE VANA\" \/>\n<meta property=\"og:description\" content=\"Vhodn\u00fd pre v\u0161etky typy karos\u00e9rii. D\u00f4kladne \u010dist\u00ed, odmast\u00ed a odstra\u0148uje be\u017en\u00e9 ne\u010distoty, smog a oleje. Zanech\u00e1va leskl\u00fd povrch. Vhodn\u00fd aj na dom\u00e1ce pou\u017eitie.\" \/>\n<meta property=\"og:url\" content=\"https:\/\/verdevana.sk\/?product=autosampon\" \/>\n<meta property=\"og:site_name\" content=\"\u010capovan\u00e1 Eko Drog\u00e9ria Ko\u0161ice | VERDE VANA\" \/>\n<meta property=\"article:modified_time\" content=\"2024-05-12T20:37:18+00:00\" \/>\n<meta property=\"og:image\" content=\"https:\/\/verdevana.sk\/wp-content\/uploads\/2024\/05\/1560a.jpg\" \/>\n\t<meta property=\"og:image:width\" content=\"1134\" \/>\n\t<meta property=\"og:image:height\" content=\"2016\" \/>\n\t<meta property=\"og:image:type\" content=\"image\/jpeg\" \/>\n<meta name=\"twitter:card\" content=\"summary_large_image\" \/>\n<meta name=\"twitter:label1\" content=\"Predpokladan\u00fd \u010das \u010d\u00edtania\" \/>\n\t<meta name=\"twitter:data1\" content=\"1 min\u00fata\" \/>\n<script type=\"application\/ld+json\" class=\"yoast-schema-graph\">{\"@context\":\"https:\/\/schema.org\",\"@graph\":[{\"@type\":\"WebPage\",\"@id\":\"https:\/\/verdevana.sk\/?product=autosampon\",\"url\":\"https:\/\/verdevana.sk\/?product=autosampon\",\"name\":\"Auto\u0161amp\u00f3n - \u010capovan\u00e1 Eko Drog\u00e9ria Ko\u0161ice | VERDE VANA\",\"isPartOf\":{\"@id\":\"https:\/\/verdevana.sk\/#website\"},\"primaryImageOfPage\":{\"@id\":\"https:\/\/verdevana.sk\/?product=autosampon#primaryimage\"},\"image\":{\"@id\":\"https:\/\/verdevana.sk\/?product=autosampon#primaryimage\"},\"thumbnailUrl\":\"https:\/\/verdevana.sk\/wp-content\/uploads\/2024\/05\/1560a.jpg\",\"datePublished\":\"2024-05-12T19:43:02+00:00\",\"dateModified\":\"2024-05-12T20:37:18+00:00\",\"description\":\"Vhodn\u00fd pre v\u0161etky typy karos\u00e9rii. D\u00f4kladne \u010dist\u00ed, odmast\u00ed a odstra\u0148uje be\u017en\u00e9 ne\u010distoty, smog a oleje. Zanech\u00e1va leskl\u00fd povrch. Vhodn\u00fd aj na dom\u00e1ce pou\u017eitie.\",\"breadcrumb\":{\"@id\":\"https:\/\/verdevana.sk\/?product=autosampon#breadcrumb\"},\"inLanguage\":\"sk-SK\",\"potentialAction\":[{\"@type\":\"ReadAction\",\"target\":[\"https:\/\/verdevana.sk\/?product=autosampon\"]}]},{\"@type\":\"ImageObject\",\"inLanguage\":\"sk-SK\",\"@id\":\"https:\/\/verdevana.sk\/?product=autosampon#primaryimage\",\"url\":\"https:\/\/verdevana.sk\/wp-content\/uploads\/2024\/05\/1560a.jpg\",\"contentUrl\":\"https:\/\/verdevana.sk\/wp-content\/uploads\/2024\/05\/1560a.jpg\",\"width\":1134,\"height\":2016,\"caption\":\"AUTO \u0160AMP\u00d3N\"},{\"@type\":\"BreadcrumbList\",\"@id\":\"https:\/\/verdevana.sk\/?product=autosampon#breadcrumb\",\"itemListElement\":[{\"@type\":\"ListItem\",\"position\":1,\"name\":\"Home\",\"item\":\"https:\/\/verdevana.sk\/\"},{\"@type\":\"ListItem\",\"position\":2,\"name\":\"Produkty\",\"item\":\"http:\/\/verdevana.sk\/?page_id=12\"},{\"@type\":\"ListItem\",\"position\":3,\"name\":\"Auto\u0161amp\u00f3n\"}]},{\"@type\":\"WebSite\",\"@id\":\"https:\/\/verdevana.sk\/#website\",\"url\":\"https:\/\/verdevana.sk\/\",\"name\":\"\u010capovan\u00e1 Eko Drog\u00e9ria Ko\u0161ice | VERDE VANA\",\"description\":\"\u010capujeme kvalitn\u00fa, vysoko \u00fa\u010dinn\u00fa, ekologick\u00fa drog\u00e9riu a kozmetiku.\",\"publisher\":{\"@id\":\"https:\/\/verdevana.sk\/#organization\"},\"potentialAction\":[{\"@type\":\"SearchAction\",\"target\":{\"@type\":\"EntryPoint\",\"urlTemplate\":\"https:\/\/verdevana.sk\/?s={search_term_string}\"},\"query-input\":\"required name=search_term_string\"}],\"inLanguage\":\"sk-SK\"},{\"@type\":\"Organization\",\"@id\":\"https:\/\/verdevana.sk\/#organization\",\"name\":\"\u010capovan\u00e1 Eko Drog\u00e9ria Ko\u0161ice | VERDE VANA\",\"url\":\"https:\/\/verdevana.sk\/\",\"logo\":{\"@type\":\"ImageObject\",\"inLanguage\":\"sk-SK\",\"@id\":\"https:\/\/verdevana.sk\/#\/schema\/logo\/image\/\",\"url\":\"https:\/\/verdevana.sk\/wp-content\/uploads\/2024\/11\/VerdeVana_capovana_drogeria_koscie_logo.png\",\"contentUrl\":\"https:\/\/verdevana.sk\/wp-content\/uploads\/2024\/11\/VerdeVana_capovana_drogeria_koscie_logo.png\",\"width\":411,\"height\":135,\"caption\":\"\u010capovan\u00e1 Eko Drog\u00e9ria Ko\u0161ice | VERDE VANA\"},\"image\":{\"@id\":\"https:\/\/verdevana.sk\/#\/schema\/logo\/image\/\"}}]}<\/script>\n<!-- \/ Yoast SEO plugin. -->","yoast_head_json":{"title":"Auto\u0161amp\u00f3n - \u010capovan\u00e1 Eko Drog\u00e9ria Ko\u0161ice | VERDE VANA","description":"Vhodn\u00fd pre v\u0161etky typy karos\u00e9rii. D\u00f4kladne \u010dist\u00ed, odmast\u00ed a odstra\u0148uje be\u017en\u00e9 ne\u010distoty, smog a oleje. Zanech\u00e1va leskl\u00fd povrch. Vhodn\u00fd aj na dom\u00e1ce pou\u017eitie.","robots":{"index":"index","follow":"follow","max-snippet":"max-snippet:-1","max-image-preview":"max-image-preview:large","max-video-preview":"max-video-preview:-1"},"canonical":"https:\/\/verdevana.sk\/?product=autosampon","og_locale":"sk_SK","og_type":"article","og_title":"Auto\u0161amp\u00f3n - \u010capovan\u00e1 Eko Drog\u00e9ria Ko\u0161ice | VERDE VANA","og_description":"Vhodn\u00fd pre v\u0161etky typy karos\u00e9rii. D\u00f4kladne \u010dist\u00ed, odmast\u00ed a odstra\u0148uje be\u017en\u00e9 ne\u010distoty, smog a oleje. Zanech\u00e1va leskl\u00fd povrch. Vhodn\u00fd aj na dom\u00e1ce pou\u017eitie.","og_url":"https:\/\/verdevana.sk\/?product=autosampon","og_site_name":"\u010capovan\u00e1 Eko Drog\u00e9ria Ko\u0161ice | VERDE VANA","article_modified_time":"2024-05-12T20:37:18+00:00","og_image":[{"width":1134,"height":2016,"url":"https:\/\/verdevana.sk\/wp-content\/uploads\/2024\/05\/1560a.jpg","type":"image\/jpeg"}],"twitter_card":"summary_large_image","twitter_misc":{"Predpokladan\u00fd \u010das \u010d\u00edtania":"1 min\u00fata"},"schema":{"@context":"https:\/\/schema.org","@graph":[{"@type":"WebPage","@id":"https:\/\/verdevana.sk\/?product=autosampon","url":"https:\/\/verdevana.sk\/?product=autosampon","name":"Auto\u0161amp\u00f3n - \u010capovan\u00e1 Eko Drog\u00e9ria Ko\u0161ice | VERDE VANA","isPartOf":{"@id":"https:\/\/verdevana.sk\/#website"},"primaryImageOfPage":{"@id":"https:\/\/verdevana.sk\/?product=autosampon#primaryimage"},"image":{"@id":"https:\/\/verdevana.sk\/?product=autosampon#primaryimage"},"thumbnailUrl":"https:\/\/verdevana.sk\/wp-content\/uploads\/2024\/05\/1560a.jpg","datePublished":"2024-05-12T19:43:02+00:00","dateModified":"2024-05-12T20:37:18+00:00","description":"Vhodn\u00fd pre v\u0161etky typy karos\u00e9rii. D\u00f4kladne \u010dist\u00ed, odmast\u00ed a odstra\u0148uje be\u017en\u00e9 ne\u010distoty, smog a oleje. Zanech\u00e1va leskl\u00fd povrch. Vhodn\u00fd aj na dom\u00e1ce pou\u017eitie.","breadcrumb":{"@id":"https:\/\/verdevana.sk\/?product=autosampon#breadcrumb"},"inLanguage":"sk-SK","potentialAction":[{"@type":"ReadAction","target":["https:\/\/verdevana.sk\/?product=autosampon"]}]},{"@type":"ImageObject","inLanguage":"sk-SK","@id":"https:\/\/verdevana.sk\/?product=autosampon#primaryimage","url":"https:\/\/verdevana.sk\/wp-content\/uploads\/2024\/05\/1560a.jpg","contentUrl":"https:\/\/verdevana.sk\/wp-content\/uploads\/2024\/05\/1560a.jpg","width":1134,"height":2016,"caption":"AUTO \u0160AMP\u00d3N"},{"@type":"BreadcrumbList","@id":"https:\/\/verdevana.sk\/?product=autosampon#breadcrumb","itemListElement":[{"@type":"ListItem","position":1,"name":"Home","item":"https:\/\/verdevana.sk\/"},{"@type":"ListItem","position":2,"name":"Produkty","item":"http:\/\/verdevana.sk\/?page_id=12"},{"@type":"ListItem","position":3,"name":"Auto\u0161amp\u00f3n"}]},{"@type":"WebSite","@id":"https:\/\/verdevana.sk\/#website","url":"https:\/\/verdevana.sk\/","name":"\u010capovan\u00e1 Eko Drog\u00e9ria Ko\u0161ice | VERDE VANA","description":"\u010capujeme kvalitn\u00fa, vysoko \u00fa\u010dinn\u00fa, ekologick\u00fa drog\u00e9riu a kozmetiku.","publisher":{"@id":"https:\/\/verdevana.sk\/#organization"},"potentialAction":[{"@type":"SearchAction","target":{"@type":"EntryPoint","urlTemplate":"https:\/\/verdevana.sk\/?s={search_term_string}"},"query-input":"required name=search_term_string"}],"inLanguage":"sk-SK"},{"@type":"Organization","@id":"https:\/\/verdevana.sk\/#organization","name":"\u010capovan\u00e1 Eko Drog\u00e9ria Ko\u0161ice | VERDE VANA","url":"https:\/\/verdevana.sk\/","logo":{"@type":"ImageObject","inLanguage":"sk-SK","@id":"https:\/\/verdevana.sk\/#\/schema\/logo\/image\/","url":"https:\/\/verdevana.sk\/wp-content\/uploads\/2024\/11\/VerdeVana_capovana_drogeria_koscie_logo.png","contentUrl":"https:\/\/verdevana.sk\/wp-content\/uploads\/2024\/11\/VerdeVana_capovana_drogeria_koscie_logo.png","width":411,"height":135,"caption":"\u010capovan\u00e1 Eko Drog\u00e9ria Ko\u0161ice | VERDE VANA"},"image":{"@id":"https:\/\/verdevana.sk\/#\/schema\/logo\/image\/"}}]}},"_links":{"self":[{"href":"https:\/\/verdevana.sk\/index.php?rest_route=\/wp\/v2\/product\/335"}],"collection":[{"href":"https:\/\/verdevana.sk\/index.php?rest_route=\/wp\/v2\/product"}],"about":[{"href":"https:\/\/verdevana.sk\/index.php?rest_route=\/wp\/v2\/types\/product"}],"replies":[{"embeddable":true,"href":"https:\/\/verdevana.sk\/index.php?rest_route=%2Fwp%2Fv2%2Fcomments&post=335"}],"wp:featuredmedia":[{"embeddable":true,"href":"https:\/\/verdevana.sk\/index.php?rest_route=\/wp\/v2\/media\/263"}],"wp:attachment":[{"href":"https:\/\/verdevana.sk\/index.php?rest_route=%2Fwp%2Fv2%2Fmedia&parent=335"}],"wp:term":[{"taxonomy":"product_cat","embeddable":true,"href":"https:\/\/verdevana.sk\/index.php?rest_route=%2Fwp%2Fv2%2Fproduct_cat&post=335"},{"taxonomy":"product_tag","embeddable":true,"href":"https:\/\/verdevana.sk\/index.php?rest_route=%2Fwp%2Fv2%2Fproduct_tag&post=335"}],"curies":[{"name":"wp","href":"https:\/\/api.w.org\/{rel}","templated":true}]}}