{"id":33,"date":"2024-05-06T20:18:02","date_gmt":"2024-05-06T18:18:02","guid":{"rendered":"https:\/\/verdevana.sk\/?post_type=product&#038;p=33"},"modified":"2024-05-12T10:30:55","modified_gmt":"2024-05-12T08:30:55","slug":"capovany-gel-na-pranie-univerzalny","status":"publish","type":"product","link":"https:\/\/verdevana.sk\/?product=capovany-gel-na-pranie-univerzalny","title":{"rendered":"MOON univerz\u00e1lny g\u00e9l na pranie"},"content":{"rendered":"<p>Univerz\u00e1lny g\u00e9l na pranie.<\/p>\n<ul>\n<li><strong>\u00fa\u010dinn\u00e9 \u010distenie<\/strong> &#8211; odstr\u00e1ni ne\u010distoty aj zo silne zne\u010distenej bielizne<\/li>\n<li><strong>univerz\u00e1lna pou\u017eite\u013enos\u0165<\/strong> &#8211; pou\u017eite\u013en\u00fd pri ak\u00fdchko\u013evek teplot\u00e1ch pracieho cyklu &#8211; vysok\u00fdch aj n\u00edzkych<\/li>\n<li><strong>h\u013abkov\u00e9 \u010distenie<\/strong> &#8211; zaru\u010duje d\u00f4kladn\u00e9 \u010distenie, bez zmeny vlastnost\u00ed tkan\u00edn<\/li>\n<li><strong>\u0161etrn\u00fd a bez \u017emolkov<\/strong> &#8211; neobsahuje agres\u00edvne pr\u00edsady a nezanech\u00e1va \u017emolky<\/li>\n<li><strong>bez zvy\u0161kov &#8211; <\/strong>po oprat\u00ed nezanech\u00e1va na text\u00edli\u00e1ch \u017eiadne zvy\u0161ky<\/li>\n<li><strong>svie\u017eo vonia<\/strong><\/li>\n<\/ul>\n","protected":false},"excerpt":{"rendered":"<p>Doporu\u010dujeme kombinova\u0165 s aviv\u00e1\u017eou <strong>Moon<\/strong> s rovnakou v\u00f4\u0148ou.<\/p>\n<ul>\n<li><strong>\u00fa\u010dinn\u00e9 \u010distenie<\/strong> &#8211; odstr\u00e1ni ne\u010distoty aj zo silne zne\u010distenej bielizne<\/li>\n<li><strong>univerz\u00e1lna pou\u017eite\u013enos\u0165<\/strong> &#8211; pou\u017eite\u013en\u00fd pri ak\u00fdchko\u013evek teplot\u00e1ch pracieho cyklu &#8211; vysok\u00fdch aj n\u00edzkych<\/li>\n<li><strong>h\u013abkov\u00e9 \u010distenie<\/strong> &#8211; zaru\u010duje d\u00f4kladn\u00e9 \u010distenie, bez zmeny vlastnost\u00ed tkan\u00edn<\/li>\n<li><strong>\u0161etrn\u00fd a bez \u017emolkov<\/strong> &#8211; neobsahuje agres\u00edvne pr\u00edsady a nezanech\u00e1va \u017emolky<\/li>\n<li><strong>bez zvy\u0161kov &#8211; <\/strong>po oprat\u00ed nezanech\u00e1va na text\u00edli\u00e1ch \u017eiadne zvy\u0161ky<\/li>\n<li><strong>svie\u017eo vonia<\/strong><\/li>\n<\/ul>\n","protected":false},"featured_media":284,"comment_status":"open","ping_status":"closed","template":"","meta":{"_monsterinsights_skip_tracking":false,"_monsterinsights_sitenote_active":false,"_monsterinsights_sitenote_note":"","_monsterinsights_sitenote_category":0},"product_cat":[21],"product_tag":[22,23,24],"yoast_head":"<!-- This site is optimized with the Yoast SEO plugin v22.6 - https:\/\/yoast.com\/wordpress\/plugins\/seo\/ -->\n<title>MOON univerz\u00e1lny g\u00e9l na pranie - \u010capovan\u00e1 Eko Drog\u00e9ria Ko\u0161ice | VERDE VANA<\/title>\n<meta name=\"description\" content=\"Univerz\u00e1lna pou\u017eite\u013enos\u0165, h\u013abkov\u00e9 \u010distenie, \u0161etrn\u00fd a bez \u017emolkov, bez zvy\u0161kov - po oprat\u00ed nezanech\u00e1va na text\u00edli\u00e1ch \u017eiadne zvy\u0161ky, svie\u017ea v\u00f4\u0148a.\" \/>\n<meta name=\"robots\" content=\"index, follow, max-snippet:-1, max-image-preview:large, max-video-preview:-1\" \/>\n<link rel=\"canonical\" href=\"https:\/\/verdevana.sk\/?product=capovany-gel-na-pranie-univerzalny\" \/>\n<meta property=\"og:locale\" content=\"sk_SK\" \/>\n<meta property=\"og:type\" content=\"article\" \/>\n<meta property=\"og:title\" content=\"MOON univerz\u00e1lny g\u00e9l na pranie - \u010capovan\u00e1 Eko Drog\u00e9ria Ko\u0161ice | VERDE VANA\" \/>\n<meta property=\"og:description\" content=\"Univerz\u00e1lna pou\u017eite\u013enos\u0165, h\u013abkov\u00e9 \u010distenie, \u0161etrn\u00fd a bez \u017emolkov, bez zvy\u0161kov - po oprat\u00ed nezanech\u00e1va na text\u00edli\u00e1ch \u017eiadne zvy\u0161ky, svie\u017ea v\u00f4\u0148a.\" \/>\n<meta property=\"og:url\" content=\"https:\/\/verdevana.sk\/?product=capovany-gel-na-pranie-univerzalny\" \/>\n<meta property=\"og:site_name\" content=\"\u010capovan\u00e1 Eko Drog\u00e9ria Ko\u0161ice | VERDE VANA\" \/>\n<meta property=\"article:modified_time\" content=\"2024-05-12T08:30:55+00:00\" \/>\n<meta property=\"og:image\" content=\"https:\/\/verdevana.sk\/wp-content\/uploads\/2024\/05\/1170a.jpg\" \/>\n\t<meta property=\"og:image:width\" content=\"1134\" \/>\n\t<meta property=\"og:image:height\" content=\"2016\" \/>\n\t<meta property=\"og:image:type\" content=\"image\/jpeg\" \/>\n<meta name=\"twitter:card\" content=\"summary_large_image\" \/>\n<meta name=\"twitter:label1\" content=\"Predpokladan\u00fd \u010das \u010d\u00edtania\" \/>\n\t<meta name=\"twitter:data1\" content=\"1 min\u00fata\" \/>\n<script type=\"application\/ld+json\" class=\"yoast-schema-graph\">{\"@context\":\"https:\/\/schema.org\",\"@graph\":[{\"@type\":\"WebPage\",\"@id\":\"https:\/\/verdevana.sk\/?product=capovany-gel-na-pranie-univerzalny\",\"url\":\"https:\/\/verdevana.sk\/?product=capovany-gel-na-pranie-univerzalny\",\"name\":\"MOON univerz\u00e1lny g\u00e9l na pranie - \u010capovan\u00e1 Eko Drog\u00e9ria Ko\u0161ice | VERDE VANA\",\"isPartOf\":{\"@id\":\"https:\/\/verdevana.sk\/#website\"},\"primaryImageOfPage\":{\"@id\":\"https:\/\/verdevana.sk\/?product=capovany-gel-na-pranie-univerzalny#primaryimage\"},\"image\":{\"@id\":\"https:\/\/verdevana.sk\/?product=capovany-gel-na-pranie-univerzalny#primaryimage\"},\"thumbnailUrl\":\"https:\/\/verdevana.sk\/wp-content\/uploads\/2024\/05\/1170a.jpg\",\"datePublished\":\"2024-05-06T18:18:02+00:00\",\"dateModified\":\"2024-05-12T08:30:55+00:00\",\"description\":\"Univerz\u00e1lna pou\u017eite\u013enos\u0165, h\u013abkov\u00e9 \u010distenie, \u0161etrn\u00fd a bez \u017emolkov, bez zvy\u0161kov - po oprat\u00ed nezanech\u00e1va na text\u00edli\u00e1ch \u017eiadne zvy\u0161ky, svie\u017ea v\u00f4\u0148a.\",\"breadcrumb\":{\"@id\":\"https:\/\/verdevana.sk\/?product=capovany-gel-na-pranie-univerzalny#breadcrumb\"},\"inLanguage\":\"sk-SK\",\"potentialAction\":[{\"@type\":\"ReadAction\",\"target\":[\"https:\/\/verdevana.sk\/?product=capovany-gel-na-pranie-univerzalny\"]}]},{\"@type\":\"ImageObject\",\"inLanguage\":\"sk-SK\",\"@id\":\"https:\/\/verdevana.sk\/?product=capovany-gel-na-pranie-univerzalny#primaryimage\",\"url\":\"https:\/\/verdevana.sk\/wp-content\/uploads\/2024\/05\/1170a.jpg\",\"contentUrl\":\"https:\/\/verdevana.sk\/wp-content\/uploads\/2024\/05\/1170a.jpg\",\"width\":1134,\"height\":2016},{\"@type\":\"BreadcrumbList\",\"@id\":\"https:\/\/verdevana.sk\/?product=capovany-gel-na-pranie-univerzalny#breadcrumb\",\"itemListElement\":[{\"@type\":\"ListItem\",\"position\":1,\"name\":\"Home\",\"item\":\"https:\/\/verdevana.sk\/\"},{\"@type\":\"ListItem\",\"position\":2,\"name\":\"Produkty\",\"item\":\"http:\/\/verdevana.sk\/?page_id=12\"},{\"@type\":\"ListItem\",\"position\":3,\"name\":\"MOON univerz\u00e1lny g\u00e9l na pranie\"}]},{\"@type\":\"WebSite\",\"@id\":\"https:\/\/verdevana.sk\/#website\",\"url\":\"https:\/\/verdevana.sk\/\",\"name\":\"\u010capovan\u00e1 Eko Drog\u00e9ria Ko\u0161ice | VERDE VANA\",\"description\":\"\u010capujeme kvalitn\u00fa, vysoko \u00fa\u010dinn\u00fa, ekologick\u00fa drog\u00e9riu a kozmetiku.\",\"publisher\":{\"@id\":\"https:\/\/verdevana.sk\/#organization\"},\"potentialAction\":[{\"@type\":\"SearchAction\",\"target\":{\"@type\":\"EntryPoint\",\"urlTemplate\":\"https:\/\/verdevana.sk\/?s={search_term_string}\"},\"query-input\":\"required name=search_term_string\"}],\"inLanguage\":\"sk-SK\"},{\"@type\":\"Organization\",\"@id\":\"https:\/\/verdevana.sk\/#organization\",\"name\":\"\u010capovan\u00e1 Eko Drog\u00e9ria Ko\u0161ice | VERDE VANA\",\"url\":\"https:\/\/verdevana.sk\/\",\"logo\":{\"@type\":\"ImageObject\",\"inLanguage\":\"sk-SK\",\"@id\":\"https:\/\/verdevana.sk\/#\/schema\/logo\/image\/\",\"url\":\"https:\/\/verdevana.sk\/wp-content\/uploads\/2024\/11\/VerdeVana_capovana_drogeria_koscie_logo.png\",\"contentUrl\":\"https:\/\/verdevana.sk\/wp-content\/uploads\/2024\/11\/VerdeVana_capovana_drogeria_koscie_logo.png\",\"width\":411,\"height\":135,\"caption\":\"\u010capovan\u00e1 Eko Drog\u00e9ria Ko\u0161ice | VERDE VANA\"},\"image\":{\"@id\":\"https:\/\/verdevana.sk\/#\/schema\/logo\/image\/\"}}]}<\/script>\n<!-- \/ Yoast SEO plugin. -->","yoast_head_json":{"title":"MOON univerz\u00e1lny g\u00e9l na pranie - \u010capovan\u00e1 Eko Drog\u00e9ria Ko\u0161ice | VERDE VANA","description":"Univerz\u00e1lna pou\u017eite\u013enos\u0165, h\u013abkov\u00e9 \u010distenie, \u0161etrn\u00fd a bez \u017emolkov, bez zvy\u0161kov - po oprat\u00ed nezanech\u00e1va na text\u00edli\u00e1ch \u017eiadne zvy\u0161ky, svie\u017ea v\u00f4\u0148a.","robots":{"index":"index","follow":"follow","max-snippet":"max-snippet:-1","max-image-preview":"max-image-preview:large","max-video-preview":"max-video-preview:-1"},"canonical":"https:\/\/verdevana.sk\/?product=capovany-gel-na-pranie-univerzalny","og_locale":"sk_SK","og_type":"article","og_title":"MOON univerz\u00e1lny g\u00e9l na pranie - \u010capovan\u00e1 Eko Drog\u00e9ria Ko\u0161ice | VERDE VANA","og_description":"Univerz\u00e1lna pou\u017eite\u013enos\u0165, h\u013abkov\u00e9 \u010distenie, \u0161etrn\u00fd a bez \u017emolkov, bez zvy\u0161kov - po oprat\u00ed nezanech\u00e1va na text\u00edli\u00e1ch \u017eiadne zvy\u0161ky, svie\u017ea v\u00f4\u0148a.","og_url":"https:\/\/verdevana.sk\/?product=capovany-gel-na-pranie-univerzalny","og_site_name":"\u010capovan\u00e1 Eko Drog\u00e9ria Ko\u0161ice | VERDE VANA","article_modified_time":"2024-05-12T08:30:55+00:00","og_image":[{"width":1134,"height":2016,"url":"https:\/\/verdevana.sk\/wp-content\/uploads\/2024\/05\/1170a.jpg","type":"image\/jpeg"}],"twitter_card":"summary_large_image","twitter_misc":{"Predpokladan\u00fd \u010das \u010d\u00edtania":"1 min\u00fata"},"schema":{"@context":"https:\/\/schema.org","@graph":[{"@type":"WebPage","@id":"https:\/\/verdevana.sk\/?product=capovany-gel-na-pranie-univerzalny","url":"https:\/\/verdevana.sk\/?product=capovany-gel-na-pranie-univerzalny","name":"MOON univerz\u00e1lny g\u00e9l na pranie - \u010capovan\u00e1 Eko Drog\u00e9ria Ko\u0161ice | VERDE VANA","isPartOf":{"@id":"https:\/\/verdevana.sk\/#website"},"primaryImageOfPage":{"@id":"https:\/\/verdevana.sk\/?product=capovany-gel-na-pranie-univerzalny#primaryimage"},"image":{"@id":"https:\/\/verdevana.sk\/?product=capovany-gel-na-pranie-univerzalny#primaryimage"},"thumbnailUrl":"https:\/\/verdevana.sk\/wp-content\/uploads\/2024\/05\/1170a.jpg","datePublished":"2024-05-06T18:18:02+00:00","dateModified":"2024-05-12T08:30:55+00:00","description":"Univerz\u00e1lna pou\u017eite\u013enos\u0165, h\u013abkov\u00e9 \u010distenie, \u0161etrn\u00fd a bez \u017emolkov, bez zvy\u0161kov - po oprat\u00ed nezanech\u00e1va na text\u00edli\u00e1ch \u017eiadne zvy\u0161ky, svie\u017ea v\u00f4\u0148a.","breadcrumb":{"@id":"https:\/\/verdevana.sk\/?product=capovany-gel-na-pranie-univerzalny#breadcrumb"},"inLanguage":"sk-SK","potentialAction":[{"@type":"ReadAction","target":["https:\/\/verdevana.sk\/?product=capovany-gel-na-pranie-univerzalny"]}]},{"@type":"ImageObject","inLanguage":"sk-SK","@id":"https:\/\/verdevana.sk\/?product=capovany-gel-na-pranie-univerzalny#primaryimage","url":"https:\/\/verdevana.sk\/wp-content\/uploads\/2024\/05\/1170a.jpg","contentUrl":"https:\/\/verdevana.sk\/wp-content\/uploads\/2024\/05\/1170a.jpg","width":1134,"height":2016},{"@type":"BreadcrumbList","@id":"https:\/\/verdevana.sk\/?product=capovany-gel-na-pranie-univerzalny#breadcrumb","itemListElement":[{"@type":"ListItem","position":1,"name":"Home","item":"https:\/\/verdevana.sk\/"},{"@type":"ListItem","position":2,"name":"Produkty","item":"http:\/\/verdevana.sk\/?page_id=12"},{"@type":"ListItem","position":3,"name":"MOON univerz\u00e1lny g\u00e9l na pranie"}]},{"@type":"WebSite","@id":"https:\/\/verdevana.sk\/#website","url":"https:\/\/verdevana.sk\/","name":"\u010capovan\u00e1 Eko Drog\u00e9ria Ko\u0161ice | VERDE VANA","description":"\u010capujeme kvalitn\u00fa, vysoko \u00fa\u010dinn\u00fa, ekologick\u00fa drog\u00e9riu a kozmetiku.","publisher":{"@id":"https:\/\/verdevana.sk\/#organization"},"potentialAction":[{"@type":"SearchAction","target":{"@type":"EntryPoint","urlTemplate":"https:\/\/verdevana.sk\/?s={search_term_string}"},"query-input":"required name=search_term_string"}],"inLanguage":"sk-SK"},{"@type":"Organization","@id":"https:\/\/verdevana.sk\/#organization","name":"\u010capovan\u00e1 Eko Drog\u00e9ria Ko\u0161ice | VERDE VANA","url":"https:\/\/verdevana.sk\/","logo":{"@type":"ImageObject","inLanguage":"sk-SK","@id":"https:\/\/verdevana.sk\/#\/schema\/logo\/image\/","url":"https:\/\/verdevana.sk\/wp-content\/uploads\/2024\/11\/VerdeVana_capovana_drogeria_koscie_logo.png","contentUrl":"https:\/\/verdevana.sk\/wp-content\/uploads\/2024\/11\/VerdeVana_capovana_drogeria_koscie_logo.png","width":411,"height":135,"caption":"\u010capovan\u00e1 Eko Drog\u00e9ria Ko\u0161ice | VERDE VANA"},"image":{"@id":"https:\/\/verdevana.sk\/#\/schema\/logo\/image\/"}}]}},"_links":{"self":[{"href":"https:\/\/verdevana.sk\/index.php?rest_route=\/wp\/v2\/product\/33"}],"collection":[{"href":"https:\/\/verdevana.sk\/index.php?rest_route=\/wp\/v2\/product"}],"about":[{"href":"https:\/\/verdevana.sk\/index.php?rest_route=\/wp\/v2\/types\/product"}],"replies":[{"embeddable":true,"href":"https:\/\/verdevana.sk\/index.php?rest_route=%2Fwp%2Fv2%2Fcomments&post=33"}],"wp:featuredmedia":[{"embeddable":true,"href":"https:\/\/verdevana.sk\/index.php?rest_route=\/wp\/v2\/media\/284"}],"wp:attachment":[{"href":"https:\/\/verdevana.sk\/index.php?rest_route=%2Fwp%2Fv2%2Fmedia&parent=33"}],"wp:term":[{"taxonomy":"product_cat","embeddable":true,"href":"https:\/\/verdevana.sk\/index.php?rest_route=%2Fwp%2Fv2%2Fproduct_cat&post=33"},{"taxonomy":"product_tag","embeddable":true,"href":"https:\/\/verdevana.sk\/index.php?rest_route=%2Fwp%2Fv2%2Fproduct_tag&post=33"}],"curies":[{"name":"wp","href":"https:\/\/api.w.org\/{rel}","templated":true}]}}