{"id":53,"date":"2024-05-06T20:18:05","date_gmt":"2024-05-06T18:18:05","guid":{"rendered":"https:\/\/verdevana.sk\/?post_type=product&#038;p=53"},"modified":"2024-05-12T10:30:57","modified_gmt":"2024-05-12T08:30:57","slug":"bicarbonato-e-menta-cistiaci-prostriedok-na-riad","status":"publish","type":"product","link":"http:\/\/verdevana.sk\/?product=bicarbonato-e-menta-cistiaci-prostriedok-na-riad","title":{"rendered":"BICARBONATO E MENTA \u010distiaci prostriedok na riad"},"content":{"rendered":"<p>V\u00f4\u0148a: M\u00c4TA <\/p>\n<p>\u00da\u010dinn\u00e9 \u010distenie: D\u00f4kladne rozp\u00fa\u0161\u0165a ne\u010distoty a mastnotu aj v studenej vode.<\/p>\n<p>Pou\u017eite\u013enos\u0165: Vhodn\u00fd na ru\u010dn\u00e9 um\u00fdvanie riadu v dom\u00e1cnosti.<\/p>\n<p>H\u013abkov\u00e9 \u010distenie: Zabezpe\u010duje d\u00f4kladn\u00e9 odstr\u00e1nenie ne\u010dist\u00f4t a mastnoty.<\/p>\n<p>Pr\u00edjemn\u00e1 v\u00f4\u0148a: Zanech\u00e1va pr\u00edjemn\u00fa svie\u017eu v\u00f4\u0148u, \u010do prispieva k celkov\u00e9mu pocitu \u010distoty a svie\u017eosti.<\/p>\n<p>\u0160etrnos\u0165 k poko\u017eke: minimalizuje riziko podr\u00e1\u017edenia a vysu\u0161enia.<\/p>\n","protected":false},"excerpt":{"rendered":"<p>Tekut\u00fd prostriedok, ur\u010den\u00fd na ru\u010dn\u00e9 um\u00fdvanie riadu. Jeho pokro\u010dil\u00e1 formul\u00e1cia umo\u017e\u0148uje d\u00f4kladne rozp\u00fa\u0161\u0165a\u0165 ne\u010distoty a mastnotu aj v studenej vode. Prostriedok zanech\u00e1va pr\u00edjemn\u00fa svie\u017eu m\u00e4tov\u00fa v\u00f4\u0148u, \u010do prispieva k celkov\u00e9mu pocitu \u010distoty a svie\u017eosti. Jeho formul\u00e1cia je ve\u013emi \u0161etrn\u00e1 k poko\u017eke, \u010d\u00edm minimalizuje riziko podr\u00e1\u017edenia a zanech\u00e1va ruky chr\u00e1nen\u00e9 hydratovan\u00e9.<\/p>\n","protected":false},"featured_media":256,"comment_status":"open","ping_status":"closed","template":"","meta":{"_monsterinsights_skip_tracking":false,"_monsterinsights_sitenote_active":false,"_monsterinsights_sitenote_note":"","_monsterinsights_sitenote_category":0},"product_cat":[37],"product_tag":[22,23,43],"yoast_head":"<!-- This site is optimized with the Yoast SEO plugin v22.6 - https:\/\/yoast.com\/wordpress\/plugins\/seo\/ -->\n<title>BICARBONATO E MENTA \u010distiaci prostriedok na riad - \u010capovan\u00e1 Eko Drog\u00e9ria Ko\u0161ice | VERDE VANA<\/title>\n<meta name=\"robots\" content=\"index, follow, max-snippet:-1, max-image-preview:large, max-video-preview:-1\" \/>\n<link rel=\"canonical\" href=\"http:\/\/verdevana.sk\/?product=bicarbonato-e-menta-cistiaci-prostriedok-na-riad\" \/>\n<meta property=\"og:locale\" content=\"sk_SK\" \/>\n<meta property=\"og:type\" content=\"article\" \/>\n<meta property=\"og:title\" content=\"BICARBONATO E MENTA \u010distiaci prostriedok na riad - \u010capovan\u00e1 Eko Drog\u00e9ria Ko\u0161ice | VERDE VANA\" \/>\n<meta property=\"og:description\" content=\"Tekut\u00fd prostriedok, ur\u010den\u00fd na ru\u010dn\u00e9 um\u00fdvanie riadu. Jeho pokro\u010dil\u00e1 formul\u00e1cia umo\u017e\u0148uje d\u00f4kladne rozp\u00fa\u0161\u0165a\u0165 ne\u010distoty a mastnotu aj v studenej vode. Prostriedok zanech\u00e1va pr\u00edjemn\u00fa svie\u017eu m\u00e4tov\u00fa v\u00f4\u0148u, \u010do prispieva k celkov\u00e9mu pocitu \u010distoty a svie\u017eosti. Jeho formul\u00e1cia je ve\u013emi \u0161etrn\u00e1 k poko\u017eke, \u010d\u00edm minimalizuje riziko podr\u00e1\u017edenia a zanech\u00e1va ruky chr\u00e1nen\u00e9 hydratovan\u00e9.\" \/>\n<meta property=\"og:url\" content=\"http:\/\/verdevana.sk\/?product=bicarbonato-e-menta-cistiaci-prostriedok-na-riad\" \/>\n<meta property=\"og:site_name\" content=\"\u010capovan\u00e1 Eko Drog\u00e9ria Ko\u0161ice | VERDE VANA\" \/>\n<meta property=\"article:modified_time\" content=\"2024-05-12T08:30:57+00:00\" \/>\n<meta property=\"og:image\" content=\"http:\/\/verdevana.sk\/wp-content\/uploads\/2024\/05\/1352a.jpg\" \/>\n\t<meta property=\"og:image:width\" content=\"1134\" \/>\n\t<meta property=\"og:image:height\" content=\"2016\" \/>\n\t<meta property=\"og:image:type\" content=\"image\/jpeg\" \/>\n<meta name=\"twitter:card\" content=\"summary_large_image\" \/>\n<script type=\"application\/ld+json\" class=\"yoast-schema-graph\">{\"@context\":\"https:\/\/schema.org\",\"@graph\":[{\"@type\":\"WebPage\",\"@id\":\"http:\/\/verdevana.sk\/?product=bicarbonato-e-menta-cistiaci-prostriedok-na-riad\",\"url\":\"http:\/\/verdevana.sk\/?product=bicarbonato-e-menta-cistiaci-prostriedok-na-riad\",\"name\":\"BICARBONATO E MENTA \u010distiaci prostriedok na riad - \u010capovan\u00e1 Eko Drog\u00e9ria Ko\u0161ice | VERDE VANA\",\"isPartOf\":{\"@id\":\"http:\/\/verdevana.sk\/#website\"},\"primaryImageOfPage\":{\"@id\":\"http:\/\/verdevana.sk\/?product=bicarbonato-e-menta-cistiaci-prostriedok-na-riad#primaryimage\"},\"image\":{\"@id\":\"http:\/\/verdevana.sk\/?product=bicarbonato-e-menta-cistiaci-prostriedok-na-riad#primaryimage\"},\"thumbnailUrl\":\"http:\/\/verdevana.sk\/wp-content\/uploads\/2024\/05\/1352a.jpg\",\"datePublished\":\"2024-05-06T18:18:05+00:00\",\"dateModified\":\"2024-05-12T08:30:57+00:00\",\"breadcrumb\":{\"@id\":\"http:\/\/verdevana.sk\/?product=bicarbonato-e-menta-cistiaci-prostriedok-na-riad#breadcrumb\"},\"inLanguage\":\"sk-SK\",\"potentialAction\":[{\"@type\":\"ReadAction\",\"target\":[\"http:\/\/verdevana.sk\/?product=bicarbonato-e-menta-cistiaci-prostriedok-na-riad\"]}]},{\"@type\":\"ImageObject\",\"inLanguage\":\"sk-SK\",\"@id\":\"http:\/\/verdevana.sk\/?product=bicarbonato-e-menta-cistiaci-prostriedok-na-riad#primaryimage\",\"url\":\"http:\/\/verdevana.sk\/wp-content\/uploads\/2024\/05\/1352a.jpg\",\"contentUrl\":\"http:\/\/verdevana.sk\/wp-content\/uploads\/2024\/05\/1352a.jpg\",\"width\":1134,\"height\":2016},{\"@type\":\"BreadcrumbList\",\"@id\":\"http:\/\/verdevana.sk\/?product=bicarbonato-e-menta-cistiaci-prostriedok-na-riad#breadcrumb\",\"itemListElement\":[{\"@type\":\"ListItem\",\"position\":1,\"name\":\"Home\",\"item\":\"http:\/\/verdevana.sk\/\"},{\"@type\":\"ListItem\",\"position\":2,\"name\":\"Produkty\",\"item\":\"https:\/\/verdevana.sk\/?page_id=12\"},{\"@type\":\"ListItem\",\"position\":3,\"name\":\"BICARBONATO E MENTA \u010distiaci prostriedok na riad\"}]},{\"@type\":\"WebSite\",\"@id\":\"http:\/\/verdevana.sk\/#website\",\"url\":\"http:\/\/verdevana.sk\/\",\"name\":\"\u010capovan\u00e1 Eko Drog\u00e9ria Ko\u0161ice | VERDE VANA\",\"description\":\"\u010capujeme kvalitn\u00fa, vysoko \u00fa\u010dinn\u00fa, ekologick\u00fa drog\u00e9riu a kozmetiku.\",\"publisher\":{\"@id\":\"http:\/\/verdevana.sk\/#organization\"},\"potentialAction\":[{\"@type\":\"SearchAction\",\"target\":{\"@type\":\"EntryPoint\",\"urlTemplate\":\"http:\/\/verdevana.sk\/?s={search_term_string}\"},\"query-input\":\"required name=search_term_string\"}],\"inLanguage\":\"sk-SK\"},{\"@type\":\"Organization\",\"@id\":\"http:\/\/verdevana.sk\/#organization\",\"name\":\"\u010capovan\u00e1 Eko Drog\u00e9ria Ko\u0161ice | VERDE VANA\",\"url\":\"http:\/\/verdevana.sk\/\",\"logo\":{\"@type\":\"ImageObject\",\"inLanguage\":\"sk-SK\",\"@id\":\"http:\/\/verdevana.sk\/#\/schema\/logo\/image\/\",\"url\":\"http:\/\/verdevana.sk\/wp-content\/uploads\/2024\/11\/VerdeVana_capovana_drogeria_koscie_logo.png\",\"contentUrl\":\"http:\/\/verdevana.sk\/wp-content\/uploads\/2024\/11\/VerdeVana_capovana_drogeria_koscie_logo.png\",\"width\":411,\"height\":135,\"caption\":\"\u010capovan\u00e1 Eko Drog\u00e9ria Ko\u0161ice | VERDE VANA\"},\"image\":{\"@id\":\"http:\/\/verdevana.sk\/#\/schema\/logo\/image\/\"}}]}<\/script>\n<!-- \/ Yoast SEO plugin. -->","yoast_head_json":{"title":"BICARBONATO E MENTA \u010distiaci prostriedok na riad - \u010capovan\u00e1 Eko Drog\u00e9ria Ko\u0161ice | VERDE VANA","robots":{"index":"index","follow":"follow","max-snippet":"max-snippet:-1","max-image-preview":"max-image-preview:large","max-video-preview":"max-video-preview:-1"},"canonical":"http:\/\/verdevana.sk\/?product=bicarbonato-e-menta-cistiaci-prostriedok-na-riad","og_locale":"sk_SK","og_type":"article","og_title":"BICARBONATO E MENTA \u010distiaci prostriedok na riad - \u010capovan\u00e1 Eko Drog\u00e9ria Ko\u0161ice | VERDE VANA","og_description":"Tekut\u00fd prostriedok, ur\u010den\u00fd na ru\u010dn\u00e9 um\u00fdvanie riadu. Jeho pokro\u010dil\u00e1 formul\u00e1cia umo\u017e\u0148uje d\u00f4kladne rozp\u00fa\u0161\u0165a\u0165 ne\u010distoty a mastnotu aj v studenej vode. Prostriedok zanech\u00e1va pr\u00edjemn\u00fa svie\u017eu m\u00e4tov\u00fa v\u00f4\u0148u, \u010do prispieva k celkov\u00e9mu pocitu \u010distoty a svie\u017eosti. Jeho formul\u00e1cia je ve\u013emi \u0161etrn\u00e1 k poko\u017eke, \u010d\u00edm minimalizuje riziko podr\u00e1\u017edenia a zanech\u00e1va ruky chr\u00e1nen\u00e9 hydratovan\u00e9.","og_url":"http:\/\/verdevana.sk\/?product=bicarbonato-e-menta-cistiaci-prostriedok-na-riad","og_site_name":"\u010capovan\u00e1 Eko Drog\u00e9ria Ko\u0161ice | VERDE VANA","article_modified_time":"2024-05-12T08:30:57+00:00","og_image":[{"width":1134,"height":2016,"url":"http:\/\/verdevana.sk\/wp-content\/uploads\/2024\/05\/1352a.jpg","type":"image\/jpeg"}],"twitter_card":"summary_large_image","schema":{"@context":"https:\/\/schema.org","@graph":[{"@type":"WebPage","@id":"http:\/\/verdevana.sk\/?product=bicarbonato-e-menta-cistiaci-prostriedok-na-riad","url":"http:\/\/verdevana.sk\/?product=bicarbonato-e-menta-cistiaci-prostriedok-na-riad","name":"BICARBONATO E MENTA \u010distiaci prostriedok na riad - \u010capovan\u00e1 Eko Drog\u00e9ria Ko\u0161ice | VERDE VANA","isPartOf":{"@id":"http:\/\/verdevana.sk\/#website"},"primaryImageOfPage":{"@id":"http:\/\/verdevana.sk\/?product=bicarbonato-e-menta-cistiaci-prostriedok-na-riad#primaryimage"},"image":{"@id":"http:\/\/verdevana.sk\/?product=bicarbonato-e-menta-cistiaci-prostriedok-na-riad#primaryimage"},"thumbnailUrl":"http:\/\/verdevana.sk\/wp-content\/uploads\/2024\/05\/1352a.jpg","datePublished":"2024-05-06T18:18:05+00:00","dateModified":"2024-05-12T08:30:57+00:00","breadcrumb":{"@id":"http:\/\/verdevana.sk\/?product=bicarbonato-e-menta-cistiaci-prostriedok-na-riad#breadcrumb"},"inLanguage":"sk-SK","potentialAction":[{"@type":"ReadAction","target":["http:\/\/verdevana.sk\/?product=bicarbonato-e-menta-cistiaci-prostriedok-na-riad"]}]},{"@type":"ImageObject","inLanguage":"sk-SK","@id":"http:\/\/verdevana.sk\/?product=bicarbonato-e-menta-cistiaci-prostriedok-na-riad#primaryimage","url":"http:\/\/verdevana.sk\/wp-content\/uploads\/2024\/05\/1352a.jpg","contentUrl":"http:\/\/verdevana.sk\/wp-content\/uploads\/2024\/05\/1352a.jpg","width":1134,"height":2016},{"@type":"BreadcrumbList","@id":"http:\/\/verdevana.sk\/?product=bicarbonato-e-menta-cistiaci-prostriedok-na-riad#breadcrumb","itemListElement":[{"@type":"ListItem","position":1,"name":"Home","item":"http:\/\/verdevana.sk\/"},{"@type":"ListItem","position":2,"name":"Produkty","item":"https:\/\/verdevana.sk\/?page_id=12"},{"@type":"ListItem","position":3,"name":"BICARBONATO E MENTA \u010distiaci prostriedok na riad"}]},{"@type":"WebSite","@id":"http:\/\/verdevana.sk\/#website","url":"http:\/\/verdevana.sk\/","name":"\u010capovan\u00e1 Eko Drog\u00e9ria Ko\u0161ice | VERDE VANA","description":"\u010capujeme kvalitn\u00fa, vysoko \u00fa\u010dinn\u00fa, ekologick\u00fa drog\u00e9riu a kozmetiku.","publisher":{"@id":"http:\/\/verdevana.sk\/#organization"},"potentialAction":[{"@type":"SearchAction","target":{"@type":"EntryPoint","urlTemplate":"http:\/\/verdevana.sk\/?s={search_term_string}"},"query-input":"required name=search_term_string"}],"inLanguage":"sk-SK"},{"@type":"Organization","@id":"http:\/\/verdevana.sk\/#organization","name":"\u010capovan\u00e1 Eko Drog\u00e9ria Ko\u0161ice | VERDE VANA","url":"http:\/\/verdevana.sk\/","logo":{"@type":"ImageObject","inLanguage":"sk-SK","@id":"http:\/\/verdevana.sk\/#\/schema\/logo\/image\/","url":"http:\/\/verdevana.sk\/wp-content\/uploads\/2024\/11\/VerdeVana_capovana_drogeria_koscie_logo.png","contentUrl":"http:\/\/verdevana.sk\/wp-content\/uploads\/2024\/11\/VerdeVana_capovana_drogeria_koscie_logo.png","width":411,"height":135,"caption":"\u010capovan\u00e1 Eko Drog\u00e9ria Ko\u0161ice | VERDE VANA"},"image":{"@id":"http:\/\/verdevana.sk\/#\/schema\/logo\/image\/"}}]}},"_links":{"self":[{"href":"http:\/\/verdevana.sk\/index.php?rest_route=\/wp\/v2\/product\/53"}],"collection":[{"href":"http:\/\/verdevana.sk\/index.php?rest_route=\/wp\/v2\/product"}],"about":[{"href":"http:\/\/verdevana.sk\/index.php?rest_route=\/wp\/v2\/types\/product"}],"replies":[{"embeddable":true,"href":"http:\/\/verdevana.sk\/index.php?rest_route=%2Fwp%2Fv2%2Fcomments&post=53"}],"wp:featuredmedia":[{"embeddable":true,"href":"http:\/\/verdevana.sk\/index.php?rest_route=\/wp\/v2\/media\/256"}],"wp:attachment":[{"href":"http:\/\/verdevana.sk\/index.php?rest_route=%2Fwp%2Fv2%2Fmedia&parent=53"}],"wp:term":[{"taxonomy":"product_cat","embeddable":true,"href":"http:\/\/verdevana.sk\/index.php?rest_route=%2Fwp%2Fv2%2Fproduct_cat&post=53"},{"taxonomy":"product_tag","embeddable":true,"href":"http:\/\/verdevana.sk\/index.php?rest_route=%2Fwp%2Fv2%2Fproduct_tag&post=53"}],"curies":[{"name":"wp","href":"https:\/\/api.w.org\/{rel}","templated":true}]}}