{"id":334,"date":"2024-05-12T21:37:23","date_gmt":"2024-05-12T19:37:23","guid":{"rendered":"https:\/\/verdevana.sk\/?post_type=product&#038;p=334"},"modified":"2024-05-12T21:37:24","modified_gmt":"2024-05-12T19:37:24","slug":"cistic-na-podlahu-fiori-di-loto","status":"publish","type":"product","link":"http:\/\/verdevana.sk\/?product=cistic-na-podlahu-fiori-di-loto","title":{"rendered":"\u010cisti\u010d na podlahu &#8211; Fiori di Loto"},"content":{"rendered":"<p>Univerz\u00e1lny \u010distiaci prostriedok na podlahu a in\u00e9 um\u00fdvate\u013en\u00e9 povrchy.<\/p>\n","protected":false},"excerpt":{"rendered":"<p>Univerz\u00e1lny \u010distiaci prostriedok na podlahu a in\u00e9 um\u00fdvate\u013en\u00e9 povrchy.<\/p>\n","protected":false},"featured_media":269,"comment_status":"open","ping_status":"closed","template":"","meta":{"_monsterinsights_skip_tracking":false,"_monsterinsights_sitenote_active":false,"_monsterinsights_sitenote_note":"","_monsterinsights_sitenote_category":0},"product_cat":[19],"product_tag":[],"yoast_head":"<!-- This site is optimized with the Yoast SEO plugin v22.6 - https:\/\/yoast.com\/wordpress\/plugins\/seo\/ -->\n<title>\u010cisti\u010d na podlahu - Fiori di Loto - \u010capovan\u00e1 Eko Drog\u00e9ria Ko\u0161ice | VERDE VANA<\/title>\n<meta name=\"description\" content=\"Univerz\u00e1lny \u010distiaci prostriedok na podlahu a in\u00e9 um\u00fdvate\u013en\u00e9 povrchy.\" \/>\n<meta name=\"robots\" content=\"index, follow, max-snippet:-1, max-image-preview:large, max-video-preview:-1\" \/>\n<link rel=\"canonical\" href=\"https:\/\/verdevana.sk\/?product=cistic-na-podlahu-fiori-di-loto\" \/>\n<meta property=\"og:locale\" content=\"sk_SK\" \/>\n<meta property=\"og:type\" content=\"article\" \/>\n<meta property=\"og:title\" content=\"\u010cisti\u010d na podlahu - Fiori di Loto - \u010capovan\u00e1 Eko Drog\u00e9ria Ko\u0161ice | VERDE VANA\" \/>\n<meta property=\"og:description\" content=\"Univerz\u00e1lny \u010distiaci prostriedok na podlahu a in\u00e9 um\u00fdvate\u013en\u00e9 povrchy.\" \/>\n<meta property=\"og:url\" content=\"https:\/\/verdevana.sk\/?product=cistic-na-podlahu-fiori-di-loto\" \/>\n<meta property=\"og:site_name\" content=\"\u010capovan\u00e1 Eko Drog\u00e9ria Ko\u0161ice | VERDE VANA\" \/>\n<meta property=\"article:modified_time\" content=\"2024-05-12T19:37:24+00:00\" \/>\n<meta property=\"og:image\" content=\"https:\/\/verdevana.sk\/wp-content\/uploads\/2024\/05\/402a.jpg\" \/>\n\t<meta property=\"og:image:width\" content=\"1079\" \/>\n\t<meta property=\"og:image:height\" content=\"1751\" \/>\n\t<meta property=\"og:image:type\" content=\"image\/jpeg\" \/>\n<meta name=\"twitter:card\" content=\"summary_large_image\" \/>\n<meta name=\"twitter:label1\" content=\"Predpokladan\u00fd \u010das \u010d\u00edtania\" \/>\n\t<meta name=\"twitter:data1\" content=\"1 min\u00fata\" \/>\n<script type=\"application\/ld+json\" class=\"yoast-schema-graph\">{\"@context\":\"https:\/\/schema.org\",\"@graph\":[{\"@type\":\"WebPage\",\"@id\":\"https:\/\/verdevana.sk\/?product=cistic-na-podlahu-fiori-di-loto\",\"url\":\"https:\/\/verdevana.sk\/?product=cistic-na-podlahu-fiori-di-loto\",\"name\":\"\u010cisti\u010d na podlahu - Fiori di Loto - \u010capovan\u00e1 Eko Drog\u00e9ria Ko\u0161ice | VERDE VANA\",\"isPartOf\":{\"@id\":\"http:\/\/verdevana.sk\/#website\"},\"primaryImageOfPage\":{\"@id\":\"https:\/\/verdevana.sk\/?product=cistic-na-podlahu-fiori-di-loto#primaryimage\"},\"image\":{\"@id\":\"https:\/\/verdevana.sk\/?product=cistic-na-podlahu-fiori-di-loto#primaryimage\"},\"thumbnailUrl\":\"http:\/\/verdevana.sk\/wp-content\/uploads\/2024\/05\/402a.jpg\",\"datePublished\":\"2024-05-12T19:37:23+00:00\",\"dateModified\":\"2024-05-12T19:37:24+00:00\",\"description\":\"Univerz\u00e1lny \u010distiaci prostriedok na podlahu a in\u00e9 um\u00fdvate\u013en\u00e9 povrchy.\",\"breadcrumb\":{\"@id\":\"https:\/\/verdevana.sk\/?product=cistic-na-podlahu-fiori-di-loto#breadcrumb\"},\"inLanguage\":\"sk-SK\",\"potentialAction\":[{\"@type\":\"ReadAction\",\"target\":[\"https:\/\/verdevana.sk\/?product=cistic-na-podlahu-fiori-di-loto\"]}]},{\"@type\":\"ImageObject\",\"inLanguage\":\"sk-SK\",\"@id\":\"https:\/\/verdevana.sk\/?product=cistic-na-podlahu-fiori-di-loto#primaryimage\",\"url\":\"http:\/\/verdevana.sk\/wp-content\/uploads\/2024\/05\/402a.jpg\",\"contentUrl\":\"http:\/\/verdevana.sk\/wp-content\/uploads\/2024\/05\/402a.jpg\",\"width\":1079,\"height\":1751,\"caption\":\"Univerz\u00e1lny \u010distiaci prostriedok na podlahu a in\u00e9 um\u00fdvate\u013en\u00e9 povrchy.\"},{\"@type\":\"BreadcrumbList\",\"@id\":\"https:\/\/verdevana.sk\/?product=cistic-na-podlahu-fiori-di-loto#breadcrumb\",\"itemListElement\":[{\"@type\":\"ListItem\",\"position\":1,\"name\":\"Home\",\"item\":\"http:\/\/verdevana.sk\/\"},{\"@type\":\"ListItem\",\"position\":2,\"name\":\"Produkty\",\"item\":\"http:\/\/verdevana.sk\/?page_id=12\"},{\"@type\":\"ListItem\",\"position\":3,\"name\":\"\u010cisti\u010d na podlahu &#8211; Fiori di Loto\"}]},{\"@type\":\"WebSite\",\"@id\":\"http:\/\/verdevana.sk\/#website\",\"url\":\"http:\/\/verdevana.sk\/\",\"name\":\"\u010capovan\u00e1 Eko Drog\u00e9ria Ko\u0161ice | VERDE VANA\",\"description\":\"\u010capujeme kvalitn\u00fa, vysoko \u00fa\u010dinn\u00fa, ekologick\u00fa drog\u00e9riu a kozmetiku.\",\"publisher\":{\"@id\":\"http:\/\/verdevana.sk\/#organization\"},\"potentialAction\":[{\"@type\":\"SearchAction\",\"target\":{\"@type\":\"EntryPoint\",\"urlTemplate\":\"http:\/\/verdevana.sk\/?s={search_term_string}\"},\"query-input\":\"required name=search_term_string\"}],\"inLanguage\":\"sk-SK\"},{\"@type\":\"Organization\",\"@id\":\"http:\/\/verdevana.sk\/#organization\",\"name\":\"\u010capovan\u00e1 Eko Drog\u00e9ria Ko\u0161ice | VERDE VANA\",\"url\":\"http:\/\/verdevana.sk\/\",\"logo\":{\"@type\":\"ImageObject\",\"inLanguage\":\"sk-SK\",\"@id\":\"http:\/\/verdevana.sk\/#\/schema\/logo\/image\/\",\"url\":\"http:\/\/verdevana.sk\/wp-content\/uploads\/2024\/11\/VerdeVana_capovana_drogeria_koscie_logo.png\",\"contentUrl\":\"http:\/\/verdevana.sk\/wp-content\/uploads\/2024\/11\/VerdeVana_capovana_drogeria_koscie_logo.png\",\"width\":411,\"height\":135,\"caption\":\"\u010capovan\u00e1 Eko Drog\u00e9ria Ko\u0161ice | VERDE VANA\"},\"image\":{\"@id\":\"http:\/\/verdevana.sk\/#\/schema\/logo\/image\/\"}}]}<\/script>\n<!-- \/ Yoast SEO plugin. -->","yoast_head_json":{"title":"\u010cisti\u010d na podlahu - Fiori di Loto - \u010capovan\u00e1 Eko Drog\u00e9ria Ko\u0161ice | VERDE VANA","description":"Univerz\u00e1lny \u010distiaci prostriedok na podlahu a in\u00e9 um\u00fdvate\u013en\u00e9 povrchy.","robots":{"index":"index","follow":"follow","max-snippet":"max-snippet:-1","max-image-preview":"max-image-preview:large","max-video-preview":"max-video-preview:-1"},"canonical":"https:\/\/verdevana.sk\/?product=cistic-na-podlahu-fiori-di-loto","og_locale":"sk_SK","og_type":"article","og_title":"\u010cisti\u010d na podlahu - Fiori di Loto - \u010capovan\u00e1 Eko Drog\u00e9ria Ko\u0161ice | VERDE VANA","og_description":"Univerz\u00e1lny \u010distiaci prostriedok na podlahu a in\u00e9 um\u00fdvate\u013en\u00e9 povrchy.","og_url":"https:\/\/verdevana.sk\/?product=cistic-na-podlahu-fiori-di-loto","og_site_name":"\u010capovan\u00e1 Eko Drog\u00e9ria Ko\u0161ice | VERDE VANA","article_modified_time":"2024-05-12T19:37:24+00:00","og_image":[{"width":1079,"height":1751,"url":"https:\/\/verdevana.sk\/wp-content\/uploads\/2024\/05\/402a.jpg","type":"image\/jpeg"}],"twitter_card":"summary_large_image","twitter_misc":{"Predpokladan\u00fd \u010das \u010d\u00edtania":"1 min\u00fata"},"schema":{"@context":"https:\/\/schema.org","@graph":[{"@type":"WebPage","@id":"https:\/\/verdevana.sk\/?product=cistic-na-podlahu-fiori-di-loto","url":"https:\/\/verdevana.sk\/?product=cistic-na-podlahu-fiori-di-loto","name":"\u010cisti\u010d na podlahu - Fiori di Loto - \u010capovan\u00e1 Eko Drog\u00e9ria Ko\u0161ice | VERDE VANA","isPartOf":{"@id":"http:\/\/verdevana.sk\/#website"},"primaryImageOfPage":{"@id":"https:\/\/verdevana.sk\/?product=cistic-na-podlahu-fiori-di-loto#primaryimage"},"image":{"@id":"https:\/\/verdevana.sk\/?product=cistic-na-podlahu-fiori-di-loto#primaryimage"},"thumbnailUrl":"http:\/\/verdevana.sk\/wp-content\/uploads\/2024\/05\/402a.jpg","datePublished":"2024-05-12T19:37:23+00:00","dateModified":"2024-05-12T19:37:24+00:00","description":"Univerz\u00e1lny \u010distiaci prostriedok na podlahu a in\u00e9 um\u00fdvate\u013en\u00e9 povrchy.","breadcrumb":{"@id":"https:\/\/verdevana.sk\/?product=cistic-na-podlahu-fiori-di-loto#breadcrumb"},"inLanguage":"sk-SK","potentialAction":[{"@type":"ReadAction","target":["https:\/\/verdevana.sk\/?product=cistic-na-podlahu-fiori-di-loto"]}]},{"@type":"ImageObject","inLanguage":"sk-SK","@id":"https:\/\/verdevana.sk\/?product=cistic-na-podlahu-fiori-di-loto#primaryimage","url":"http:\/\/verdevana.sk\/wp-content\/uploads\/2024\/05\/402a.jpg","contentUrl":"http:\/\/verdevana.sk\/wp-content\/uploads\/2024\/05\/402a.jpg","width":1079,"height":1751,"caption":"Univerz\u00e1lny \u010distiaci prostriedok na podlahu a in\u00e9 um\u00fdvate\u013en\u00e9 povrchy."},{"@type":"BreadcrumbList","@id":"https:\/\/verdevana.sk\/?product=cistic-na-podlahu-fiori-di-loto#breadcrumb","itemListElement":[{"@type":"ListItem","position":1,"name":"Home","item":"http:\/\/verdevana.sk\/"},{"@type":"ListItem","position":2,"name":"Produkty","item":"http:\/\/verdevana.sk\/?page_id=12"},{"@type":"ListItem","position":3,"name":"\u010cisti\u010d na podlahu &#8211; Fiori di Loto"}]},{"@type":"WebSite","@id":"http:\/\/verdevana.sk\/#website","url":"http:\/\/verdevana.sk\/","name":"\u010capovan\u00e1 Eko Drog\u00e9ria Ko\u0161ice | VERDE VANA","description":"\u010capujeme kvalitn\u00fa, vysoko \u00fa\u010dinn\u00fa, ekologick\u00fa drog\u00e9riu a kozmetiku.","publisher":{"@id":"http:\/\/verdevana.sk\/#organization"},"potentialAction":[{"@type":"SearchAction","target":{"@type":"EntryPoint","urlTemplate":"http:\/\/verdevana.sk\/?s={search_term_string}"},"query-input":"required name=search_term_string"}],"inLanguage":"sk-SK"},{"@type":"Organization","@id":"http:\/\/verdevana.sk\/#organization","name":"\u010capovan\u00e1 Eko Drog\u00e9ria Ko\u0161ice | VERDE VANA","url":"http:\/\/verdevana.sk\/","logo":{"@type":"ImageObject","inLanguage":"sk-SK","@id":"http:\/\/verdevana.sk\/#\/schema\/logo\/image\/","url":"http:\/\/verdevana.sk\/wp-content\/uploads\/2024\/11\/VerdeVana_capovana_drogeria_koscie_logo.png","contentUrl":"http:\/\/verdevana.sk\/wp-content\/uploads\/2024\/11\/VerdeVana_capovana_drogeria_koscie_logo.png","width":411,"height":135,"caption":"\u010capovan\u00e1 Eko Drog\u00e9ria Ko\u0161ice | VERDE VANA"},"image":{"@id":"http:\/\/verdevana.sk\/#\/schema\/logo\/image\/"}}]}},"_links":{"self":[{"href":"http:\/\/verdevana.sk\/index.php?rest_route=\/wp\/v2\/product\/334"}],"collection":[{"href":"http:\/\/verdevana.sk\/index.php?rest_route=\/wp\/v2\/product"}],"about":[{"href":"http:\/\/verdevana.sk\/index.php?rest_route=\/wp\/v2\/types\/product"}],"replies":[{"embeddable":true,"href":"http:\/\/verdevana.sk\/index.php?rest_route=%2Fwp%2Fv2%2Fcomments&post=334"}],"wp:featuredmedia":[{"embeddable":true,"href":"http:\/\/verdevana.sk\/index.php?rest_route=\/wp\/v2\/media\/269"}],"wp:attachment":[{"href":"http:\/\/verdevana.sk\/index.php?rest_route=%2Fwp%2Fv2%2Fmedia&parent=334"}],"wp:term":[{"taxonomy":"product_cat","embeddable":true,"href":"http:\/\/verdevana.sk\/index.php?rest_route=%2Fwp%2Fv2%2Fproduct_cat&post=334"},{"taxonomy":"product_tag","embeddable":true,"href":"http:\/\/verdevana.sk\/index.php?rest_route=%2Fwp%2Fv2%2Fproduct_tag&post=334"}],"curies":[{"name":"wp","href":"https:\/\/api.w.org\/{rel}","templated":true}]}}